44
In base 5, what is 31 + 13?
44
In base 14, what is b6 + 31?
107
In base 10, what is -238 + 42?
-196
In base 9, what is -602 - -4?
-587
In base 11, what is -14a + 1?
-149
In base 13, what is 50 + a?
5a
In base 15, what is -25 - 0?
-25
In base 14, what is -99 - 0?
-99
In base 6, what is 10 + -5?
1
In base 5, what is 10 - 232?
-222
In base 13, what is -11 - 94?
-a5
In base 12, what is 323 - -5?
328
In base 14, what is -74 + -2?
-76
In base 7, what is -21 - 1?
-22
In base 5, what is -3 + -431?
-434
In base 15, what is 0 - 4?
-4
In base 6, what is -154 - -145?
-5
In base 3, what is -22 + 200101?
200002
In base 5, what is 4 - -111?
120
In base 2, what is 101 - -10100001101010?
10100001101111
In base 12, what is -9 + -97?
-a4
In base 14, what is -164 + 4?
-160
In base 12, what is -4 - 16?
-1a
In base 6, what is -1022 + 2?
-1020
In base 10, what is 0 + 105?
105
In base 7, what is -20 + -34?
-54
In base 15, what is -97 - 5?
-9c
In base 4, what is -222 + 2110?
1222
In base 2, what is 100 + 11010?
11110
In base 11, what is -1170 - 2?
-1172
In base 13, what is 22c + 8?
237
In base 7, what is -103 + -1?
-104
In base 6, what is 1154 + 125?
1323
In base 13, what is -1a + -9?
-26
In base 13, what is 8b06 + -5?
8b01
In base 12, what is -353 - -5?
-34a
In base 13, what is 1 + cc?
100
In base 11, what is 5 + 49?
53
In base 12, what is 69 - 1?
68
In base 8, what is 214 - 64?
130
In base 5, what is -4 + 11?
2
In base 3, what is 22020 - 11120?
10200
In base 10, what is -8 - 369?
-377
In base 5, what is 10 - -34?
44
In base 3, what is 2011 - -122?
2210
In base 9, what is -7 + 218?
211
In base 9, what is 7 - -348?
356
In base 9, what is 221 + 2?
223
In base 12, what is -2 + -164?
-166
In base 5, what is -1 + -434?
-440
In base 14, what is -25 + 9?
-1a
In base 2, what is 111001 + -11000?
100001
In base 11, what is 790 - 4?
787
In base 9, what is -346 + -3?
-350
In base 7, what is 105 + 5?
113
In base 8, what is 3 + -371?
-366
In base 4, what is 3 - 230302?
-230233
In base 14, what is 1 - -12?
13
In base 11, what is -28 - -8?
-20
In base 6, what is 5 - -153?
202
In base 13, what is -98 - 73?
-13b
In base 14, what is -1 + -70b?
-70c
In base 16, what is 13 - 3?
10
In base 16, what is 1 - -94?
95
In base 5, what is 0 + -32114?
-32114
In base 13, what is 68 + 24?
8c
In base 6, what is -55 - 2221?
-2320
In base 12, what is 287 - -6?
291
In base 15, what is 5d8 - 0?
5d8
In base 14, what is -1 + -11?
-12
In base 12, what is -1b5 + -4?
-1b9
In base 14, what is 4b + 9?
56
In base 8, what is 74 + -7?
65
In base 5, what is 1441 - -4?
2000
In base 12, what is 1 + 1357?
1358
In base 5, what is 23 - -123?
201
In base 6, what is 11154 - 0?
11154
In base 4, what is 0 - -10322?
10322
In base 9, what is -3 - 34?
-37
In base 9, what is -4 + 567?
563
In base 15, what is 2 - 8a?
-88
In base 9, what is 38 + -33?
5
In base 13, what is -a + 2?
-8
In base 2, what is 11 + 1111011110?
1111100001
In base 9, what is 15227 + -3?
15224
In base 10, what is 2231 - 10?
2221
In base 4, what is 2 - 2?
0
In base 14, what is -208 - 4?
-20c
In base 16, what is -7 - 9d?
-a4
In base 11, what is -279a - 0?
-279a
In base 4, what is -2021 - -2?
-2013
In base 14, what is c20 - -1?
c21
In base 7, what is 4 + -4426?
-4422
In base 7, what is 11 - 1260?
-1246
In base 4, what is 11 + -32200?
-32123
In base 5, what is -20 + 40?
20
In base 8, what is -33 + 7?
-24
In base 14, what is 10 - 1?
d
In base 10, what is -208 - 4?
-212
In base 10, what is -11 - 13?
-24
In base 3, what is 12011 - -1?
12012
In base 4, what is -11 + -130020?
-130031
In base 16, what is -2 + -31?
-33
In base 15, what is -1 - -3b?
3a
In base 14, what is 5 - -10d?
114
In base 7, what is -4250 + 3?
-4244
In base 11, what is 23 + 2?
25
In base 14, what is -3 + -7aa?
-7ad
In base 6, what is 21 + -11201?
-11140
In base 2, what is 10 + -101100?
-101010
In base 7, what is 50 - 4?
43
In base 14, what is -2 + 143c?
143a
In base 10, what is -20 - -984?
964
In base 13, what is b - -6?
14
In base 9, what is 12 + -6?
5
In base 13, what is -5 - 2?
-7
In base 12, what is -13 + -139?
-150
In base 7, what is -34 + 0?
-34
In base 11, what is 5 - 72?
-68
In base 6, what is 4531 + 3?
4534
In base 4, what is 1003 + 0?
1003
In base 10, what is 901 - -21?
922
In base 6, what is 2 + 2520?
2522
In base 8, what is -775 + -35?
-1032
In base 10, what is 86 - 76?
10
In base 11, what is -4 - -9?
5
In base 15, what is 0 + 31?
31
In base 15, what is a + 3b?
46
In base 10, what is 6 + 3?
9
In base 2, what is 1 + -101100010110?
-101100010101
In base 4, what is 2123 - -10?
2133
In base 2, what is 11 - 11?
0
In base 2, what is 1 - 100010101001?
-100010101000
In base 3, what is -1002000 + 1?
-1001222
In base 2, what is 1011011011000000 + 100?
1011011011000100
In base 3, what is 122202 - -10?
122212
In base 2, what is 10000000 + -11?
1111101
In base 12, what is -b - b?
-1a
In base 8, what is -2 - -1446?
1444
In base 3, what is -2 + -2212001?
-2212010
In base 5, what is -2033 - 1?
-2034
In base 12, what is -129 + -5?
-132
In base 8, what is -3 + 547?
544
In base 11, what is 7 - -24?
30
In base 3, what is 12221 + 1201?
21122
In base 10, what is 4 + -19?
-15
In base 4, what is -3 - 112233?
-112302
In base 7, what is -5232 - -3?
-5226
In base 9, what is 1 + 24?
25
In base 15, what is ee4 + 4?
ee8
In base 13, what is 4 - 721?
-71a
In base 6, what is -1032 - 3?
-1035
In base 3, what is 110022122 + 2?
110022201
In base 9, what is -3 + -428?
-432
In base 3, what is -122210020 - 10?
-122210100
In base 9, what is -52 - -178?
126
In base 2, what is 10010100110 - 1?
10010100101
In base 2, what is 0 + -1000100?
-1000100
In base 10, what is -3181 - 4?
-3185
In base 16, what is -d - -76c?
75f
In base 8, what is 40 - -2?
42
In base 12, what is -2 - -76?
74
In base 3, what is -1012 + 110?
-202
In base 5, what is 2440 + 0?
2440
In base 11, what is 4a - -5?
54
In base 11, what is 1a893 + -5?
1a889
In base 10, what is -2813 - 1?
-2814
In base 4, what is 1023 - -102?
1131
In base 9, what is 2 + 7?
10
In base 16, what is -1 + c?
b
In base 13, what is 59 + 4?
60
In base 12, what is 16 + 2?
18
In base 4, what is 2021 + -2?
2013
In base 3, what is -11 + 1210?
1122
In base 7, what is -3621 - 5?
-3626
In base 13, what is 1b + 57?
75
In base 15, what is -3 - -33?
30
In base 3, what is -11 - 220?
-1001
In base 4, what is -11 + -1001?
-1012
In base 4, what is 20 + 31322?
32002
In base 3, what is 1202 - 200012?
-121110
In base 4, what is 12230 - 11?
12213
In base 15, what is -18d7 + -3?
-18da
In base 13, what is 5 + -42?
-3a
In base 10, what is 2 - 330?
-328
In base 4, what is 0 + -131013?
-131013
In base 13, what is -2b - -14?
-17
In base 14, what is -15 + 39?
24
In base 6, what is -1 + 541?
540
In base 6, what is -1012 - 22?
-1034
In base 2, what is -10001 - -100011?
10010
In base 5, what is 4 - 134?
-130
In base 16, what is c - 10a?
-fe
In base 3, what is 12 - 12212?
-12200
In base 9, what is -3 + 23?
20
In base 9, what is 6 + -2154?
-2147
In base 16, what is d2 + 5?
d7
In base 5, what is 3111 - 4?
3102
In base 11, what is -2 + -2a01?
-2a03
In base 15, what is 3 + -b?
-8
In base 8, what is 11 + 2?
13
In base 13, what is 2 - 1c?
-1a
In base 3, what is 200122 + -10?
200112
In base 3, what is 0 + -101202?
-101202
In base 12, what is 0 + -8?
-8
In base 12, what is -1726 + 2?
-1724
In base 6, what is 24041 + -1?
24040
In base 2, what is -10 - 101111010?
-101111100
In base 3, what is -10100 - -2?
-10021
In base 12, what is -169 + -4?
-171
In base 13, what is 86 + -16?
70
In base 6, what is -1 + -1122?
-1123
In base 11, what is -2352 + 3?
-234a
In base 7, what is 34352 + 4?
34356
In base 5, what is -31 + 2242?
2211
In base 10, what is -1 + -4297?
-4298
In base 12, what is -4 + -256?
-25a
In base 14, what is -d + -25?
-34
In base 13, what is -2 + 14?
12
In base 5, what is 10142 + 23?
10220
In base 16, what is 4 + -7a?
-76
In base 2, what is -1100110 - 100?
-1101010
In base 12, what is 68 + 11?
79
In base 6, what is 3500 + -3?
3453
In base 16, what is -39 + 6?
-33
In base 5, what is -1 + 142?
141
In base 3, what is 10 - -110010221?
110011001
In base 12, what is 4 + 130?
134
In base 4, what is 1 - 21?
-20
In base 9, what is -5 + -206?
-212
In base 10, what is 3 - -42?
45
In base 2, what is 100 + 101110?
110010
In bas